ber?
False
Is 30759853 prime?
False
Is 1227691 prime?
False
Is 14067839 prime?
True
Is 15418421 a composite number?
True
Is 16785397 a composite number?
True
Is 890881 a prime number?
True
Is 16569115 composite?
True
Is 8376571 prime?
False
Is 22423207 a prime number?
True
Is 447007 a composite number?
True
Is 150797 a composite number?
False
Is 10533527 a prime number?
True
Is 9831077 a prime number?
True
Is 11673131 prime?
True
Is 268957093 composite?
False
Is 51125233 a prime number?
False
Is 222245 a composite number?
True
Is 36397327 a composite number?
False
Is 17407391 composite?
False
Is 1002185 prime?
False
Is 41520274 prime?
False
Is 117203995 a prime number?
False
Is 11590879 a composite number?
True
Is 2568061 prime?
True
Is 3923047 prime?
True
Is 23258251 composite?
True
Is 5103798329 composite?
True
Is 676719859 composite?
False
Is 7755341 a composite number?
True
Is 551831723 a composite number?
True
Is 363750919 a composite number?
True
Is 53176859 a prime number?
True
Is 39683873 composite?
True
Is 273031753 prime?
False
Is 39466801 prime?
False
Is 11059069 a composite number?
True
Is 112785529 composite?
False
Is 12284593 a prime number?
True
Is 65560661 prime?
False
Is 8502577 composite?
False
Is 10948517 prime?
False
Is 335843531 a composite number?
False
Is 113097713 prime?
False
Is 242105723 a prime number?
False
Is 15988051 prime?
True
Is 192613903 prime?
True
Is 36414758 prime?
False
Is 623353283 prime?
False
Is 55951331 a prime number?
False
Is 29878103 prime?
True
Is 78895597 a prime number?
False
Is 155014323 a prime number?
False
Is 89995663 a prime number?
True
Is 555369 a prime number?
False
Is 22452769 prime?
False
Is 1158371 a composite number?
True
Is 51251 a prime number?
False
Is 4757191 a composite number?
True
Is 2612677 prime?
True
Is 10754641 a prime number?
True
Is 387629029 prime?
True
Is 185903587 composite?
True
Is 236771 a prime number?
True
Is 29382101 a composite number?
True
Is 19581823 a composite number?
True
Is 13206751 prime?
False
Is 57853777 a prime number?
False
Is 901613 prime?
True
Is 219043 prime?
False
Is 397530061 prime?
True
Is 137889259 composite?
True
Is 2262619 a composite number?
False
Is 987161 a prime number?
False
Is 124229389 a composite number?
True
Is 1579297 prime?
True
Is 121985993 a composite number?
True
Is 8691497 a prime number?
True
Is 45610511 composite?
False
Is 2352013 a composite number?
True
Is 287224953 a prime number?
False
Is 960455 a composite number?
True
Is 572911 a prime number?
False
Is 468147793 composite?
False
Is 519457 composite?
False
Is 22008409 prime?
False
Is 12108391 prime?
True
Is 33679 a composite number?
False
Is 465278977 prime?
True
Is 18422266 a composite number?
True
Is 6679853 prime?
True
Is 40896299 composite?
False
Is 20226509 prime?
True
Is 5673251 a prime number?
False
Is 48532069 composite?
True
Is 4425053 a prime number?
True
Is 34144301 a prime number?
True
Is 162650606 a composite number?
True
Is 362455859 a prime number?
True
Is 46094329 prime?
True
Is 37813123 composite?
False
Is 366341 prime?
True
Is 46780297 a composite number?
True
Is 2626873 a composite number?
False
Is 208455985 composite?
True
Is 2303491 prime?
False
Is 100764089 a composite number?
False
Is 71866921 a prime number?
False
Is 2911439 a prime number?
False
Is 7556533 a prime number?
False
Is 85067 a composite number?
True
Is 22170743 prime?
False
Is 137744653 a prime number?
True
Is 264487 a composite number?
False
Is 10771994 prime?
False
Is 3689611 a prime number?
True
Is 377511989 composite?
False
Is 535991 prime?
True
Is 68078711 composite?
False
Is 158555811 a prime number?
False
Is 71637 composite?
True
Is 16314257 composite?
True
Is 4524157 prime?
False
Is 3379319 a prime number?
False
Is 222823 a composite number?
False
Is 78534139 composite?
False
Is 683272885 a prime number?
False
Is 17570261 a composite number?
False
Is 6033617 composite?
True
Is 26535211 a prime number?
True
Is 14932961 a prime number?
True
Is 6681263 prime?
False
Is 14071259 prime?
True
Is 1290791 prime?
True
Is 200486281 a prime number?
True
Is 5308067 a composite number?
False
Is 53480449 composite?
True
Is 1591789 a prime number?
False
Is 3029671 a prime number?
False
Is 214575157 prime?
True
Is 156192541 a composite number?
False
Is 681753106 prime?
False
Is 65046067 a prime number?
True
Is 5028501 a composite number?
True
Is 862831 a prime number?
False
Is 6400783 prime?
False
Is 4294681 composite?
False
Is 121309 prime?
True
Is 15527357 composite?
True
Is 1387667 prime?
True
Is 290687 a prime number?
False
Is 30135433 a prime number?
False
Is 13184413 a prime number?
False
Is 1874261 composite?
False
Is 8186209 a prime number?
False
Is 413009 a prime number?
True
Is 10297541 prime?
False
Is 8932487 a prime number?
False
Is 1137509 composite?
True
Is 6256583 a composite number?
False
Is 312364253 a prime number?
True
Is 2907353 a composite number?
True
Is 1705667 a composite number?
False
Is 1882267 prime?
False
Is 434192849 composite?
False
Is 8586959 composite?
False
Is 3752719 a prime number?
True
Is 10277851 prime?
True
Is 2833289 composite?
True
Is 8924411 a prime number?
True
Is 1687799 a prime number?
True
Is 15168139 a prime number?
False
Is 6479897 composite?
False
Is 1217893 composite?
False
Is 984871 composite?
True
Is 67183661 a prime number?
True
Is 6180127 a prime number?
True
Is 48252643 composite?
True
Is 1924093 composite?
False
Is 3291809 a prime number?
False
Is 261151 prime?
False
Is 12961657 composite?
False
Is 6886931 a composite number?
True
Is 16174823 a composite number?
True
Is 1163566423 a prime number?
True
Is 7633841 prime?
True
Is 106118827 a composite number?
False
Is 26114293 prime?
True
Is 7460611 a composite number?
False
Is 6599797 composite?
False
Is 25341917 composite?
True
Is 8560289 prime?
True
Is 4081771 a prime number?
True
Is 183839 composite?
True
Is 10999171 a composite number?
False
Is 603487 a composite number?
False
Is 5781679 composite?
True
Is 175716323 a prime number?
True
Is 316454207 a composite number?
False
Is 5436587 prime?
False
Is 25778197 composite?
False
Is 161226041 composite?
True
Is 3834323 prime?
False
Is 5285569 composite?
True
Is 508351505 composite?
True
Is 236699 prime?
True
Is 2525323 a composite number?
False
Is 48798791 prime?
True
Is 891797 prime?
True
Is 236867 composite?
False
Is 156731303 composite?
False
Is 774011863 a prime number?
False
Is 553917953 a composite number?
True
Is 53307533 composite?
False
Is 3570199 prime?
True
Is 16646849 a composite number?
True
Is 76308799 a composite number?
True
Is 1348643 composite?
True
Is 184905179 prime?
False
Is 16463243 prime?
True
Is 8925299 prime?
True
Is 6378079 a prime number?
True
Is 25681043 composite?
False
Is 3389279 prime?
True
Is 10030013 a composite number?
True
Is 20347303 a prime number?
True
Is 616605923 a prime number?
True
Is 8272735 prime?
False
Is 983557 a composite number?
False
Is 2649529 a prime number?
True
Is 74068147 composite?
True
Is 9380409 composite?
True
Is 1504793 prime?
True
Is 1825391 a composite number?
False
Is 28050811 a composite number?
False
Is 1525982213 composite?
True
Is 878893 a composite number?
False
Is 113826173 a prime number?
False
Is 121483162 a composite number?
True
Is 3455789 prime?
False
Is 111803051 a composite number?
False
Is 977387 a composite number?
True
Is 14461987 prime?
True
Is 14041211 prime?
False
Is 20098229 composite?
False
Is 57829895 prime?
False
Is 418718633 composite?
False
Is 10911721 a composite number?
True
Is 1072327 composite?
False
Is 86827379 composite?
True
Is 160790611 composite?
True
Is 52163079 composite?
True
Is 27387317 a prime number?
True
Is 6273217 a composite number?
False
Is 145195439 prime?
False
Is 11717133 a composite number?
True
Is 3765719 a composite number?
True
Is 1933937 a composite number?
True
Is 32353969 a prime number?
True
Is 169755049 a composite number?
False
Is 64522027 a composite number?
False
Is 37672199 composite?
False
Is 1449803 a composite number?
True
Is 577307 composite?
False
Is 94872283 a composite number?
True
Is 64084457 composite?
False
Is 76925279 composite?
False
Is 486319945 a composite number?
True
Is 309114563 composite?
True
Is 52